{"id":16,"date":"2017-01-11T12:37:46","date_gmt":"2017-01-11T11:37:46","guid":{"rendered":"http:\/\/klein-eilstorf.de\/?page_id=16"},"modified":"2024-04-15T21:53:51","modified_gmt":"2024-04-15T19:53:51","slug":"startseite","status":"publish","type":"page","link":"https:\/\/klein-eilstorf.de\/","title":{"rendered":"Startseite"},"content":{"rendered":"<p><strong>Herzlich Willkommen !<\/strong><\/p>\n<p>Der Sch\u00fctzenverein und die Feuerwehr Klein Eilstorf begr\u00fc\u00dft Sie recht herzlich auf seinen Internetseiten!<\/p>\n<p>Wir sind ein kleiner Ort am Rande der L\u00fcneburger-Heide bei Walsrode und liegen<br \/>zentral zwischen den gro\u00dfen St\u00e4dten Hamburg, Bremen und Hannover.<br \/>Organisiert werden wir vom Kreissch\u00fctzenverband Fallingbostel und dem Sportbund Heidekreis.<br \/>Unser Schwerpunkt ist sowohl das sportliche Schie\u00dfen als auch die Traditionen im Vereinsleben.<br \/>Wir nehmen an Rundenwettk\u00e4mpfen und Meisterschaften teil.<br \/>Zus\u00e4tzlich bietet der Verein Aktivit\u00e4ten au\u00dferhalb des Schie\u00dfsports an.<br \/>So werden unter anderem das Erntefest, Preisdoppelkopf und Knobelabende und weitere Dorfveranstaltungen<br \/>vom Sch\u00fctzenverein organisiert. Des Weiteren stellen wir unser Sch\u00fctzenhaus den Vereinsmitgliedern und Einwohnern<br \/>von Klein Eilstorf und au\u00dferhalb f\u00fcr Veranstaltungen zur Verf\u00fcgung.<br \/>Somit ist unser Verein Anlaufpunkt f\u00fcr Jung und Alt im Dorf und aus den umliegenen Ortschaften.<\/p>\n<p>Unser Sch\u00fctzenhaus befindet sich in der mitte unseres Dorfes neben dem Dorfplatz.<br \/>Wie sie uns erreichen k\u00f6nnen erfahren Sie unter dem Punkt Kontakt.<\/p>\n<p>Auf folgenden Seiten erhalten Sie aktuelle Informationen \u00fcber unseren Verein, das Vereinsleben, das Dorf und unsere Veranstaltungen.<\/p>\n<p>\u00a0<\/p>\n\n\n<figure class=\"wp-block-embed is-type-video is-provider-youtube wp-block-embed-youtube wp-embed-aspect-16-9 wp-has-aspect-ratio\"><div class=\"wp-block-embed__wrapper\">\n<iframe loading=\"lazy\" title=\"Die Sch\u00f6nheit von Klein Eilstorf bei Walsrode aus der Luft: Beeindruckende Drohnenaufnahmen in 4K!\" width=\"700\" height=\"394\" src=\"https:\/\/www.youtube.com\/embed\/EiTqoodW3EU?feature=oembed\" frameborder=\"0\" allow=\"accelerometer; autoplay; clipboard-write; encrypted-media; gyroscope; picture-in-picture; web-share\" referrerpolicy=\"strict-origin-when-cross-origin\" allowfullscreen><\/iframe>\n<\/div><\/figure>\n\n\n\n<meta name=\"keywords\" content=\"Eilstorf, B\u00f6hme, Kirchboitzen, Boehme, SV, Schuetzenverein, von, 1925, e.V., Walsrode, Feuerwehr, Dorf, Heide, Lueneburger, Heidemuseum, Sch\u00fctzenverein, KSV, Schulmuseum, Sch\u00fcetzenhaus, Schuetzenhaus, Feuerwehrhaus, Bunke, T\u00f6dter, Ortvorsteher, Wieters\">\n\n<meta name=\"description\" content=\"Der Sch\u00fctzenverein und das Dorf Klein Eilstorf begr\u00fc\u00dft Sie recht herzlich auf seinen Internetseiten! DESCRIPTION\">\n\n<!-- Matomo -->\n<script type=\"text\/javascript\">\n  var _paq = _paq || [];\n  \/* tracker methods like \"setCustomDimension\" should be called before \"trackPageView\" *\/\n  _paq.push([\"setCookieDomain\", \"*.klein-eilstorf.de\"]);\n  _paq.push(['trackPageView']);\n  _paq.push(['enableLinkTracking']);\n  (function() {\n    var u=\"\/\/klein-eilstorf.de\/analytics\/piwik\/\";\n    _paq.push(['setTrackerUrl', u+'piwik.php']);\n    _paq.push(['setSiteId', '1']);\n    var d=document, g=d.createElement('script'), s=d.getElementsByTagName('script')[0];\n    g.type='text\/javascript'; g.async=true; g.defer=true; g.src=u+'piwik.js'; s.parentNode.insertBefore(g,s);\n  })();\n<\/script>\n<noscript>&lt;p&gt;&lt;img src=&#8220;\/\/klein-eilstorf.de\/analytics\/piwik\/piwik.php?idsite=1&amp;amp;rec=1&#8243; style=&#8220;border:0;&#8220; alt=&#8220;&#8220; \/&gt;&lt;\/p&gt;<\/noscript>\n<!-- End Matomo Code -->\n","protected":false},"excerpt":{"rendered":"<p>Herzlich Willkommen ! Der Sch\u00fctzenverein und die Feuerwehr Klein Eilstorf begr\u00fc\u00dft Sie recht herzlich auf seinen Internetseiten! Wir sind ein kleiner Ort am Rande der L\u00fcneburger-Heide bei Walsrode und liegenzentral&#8230;<\/p>\n","protected":false},"author":1,"featured_media":0,"parent":0,"menu_order":9,"comment_status":"closed","ping_status":"closed","template":"","meta":{"footnotes":""},"class_list":["post-16","page","type-page","status-publish","hentry"],"_links":{"self":[{"href":"https:\/\/klein-eilstorf.de\/index.php\/wp-json\/wp\/v2\/pages\/16","targetHints":{"allow":["GET"]}}],"collection":[{"href":"https:\/\/klein-eilstorf.de\/index.php\/wp-json\/wp\/v2\/pages"}],"about":[{"href":"https:\/\/klein-eilstorf.de\/index.php\/wp-json\/wp\/v2\/types\/page"}],"author":[{"embeddable":true,"href":"https:\/\/klein-eilstorf.de\/index.php\/wp-json\/wp\/v2\/users\/1"}],"replies":[{"embeddable":true,"href":"https:\/\/klein-eilstorf.de\/index.php\/wp-json\/wp\/v2\/comments?post=16"}],"version-history":[{"count":15,"href":"https:\/\/klein-eilstorf.de\/index.php\/wp-json\/wp\/v2\/pages\/16\/revisions"}],"predecessor-version":[{"id":744,"href":"https:\/\/klein-eilstorf.de\/index.php\/wp-json\/wp\/v2\/pages\/16\/revisions\/744"}],"wp:attachment":[{"href":"https:\/\/klein-eilstorf.de\/index.php\/wp-json\/wp\/v2\/media?parent=16"}],"curies":[{"name":"wp","href":"https:\/\/api.w.org\/{rel}","templated":true}]}}