{"id":19,"date":"2017-01-11T12:37:46","date_gmt":"2017-01-11T11:37:46","guid":{"rendered":"http:\/\/klein-eilstorf.de\/?page_id=19"},"modified":"2024-04-19T17:15:13","modified_gmt":"2024-04-19T15:15:13","slug":"der-ort","status":"publish","type":"page","link":"https:\/\/klein-eilstorf.de\/index.php\/geschichte\/der-ort\/","title":{"rendered":"Lokale Lichtblicke"},"content":{"rendered":"<div id=\"imCell_3\">\n<div id=\"imCellStyle_3\" data-responsive-sequence-number=\"1\">\n<div id=\"imTextObject_3\">\n<div id=\"imTextObject_3_tab0\" class=\"text-tab-content\">\n<div class=\"text-inner\">\n<div class=\"flex flex-grow flex-col max-w-full\">\n<div class=\"min-h-[20px] text-message flex flex-col items-start gap-3 whitespace-pre-wrap break-words [.text-message+&amp;]:mt-5 overflow-x-auto\" dir=\"auto\" data-message-author-role=\"assistant\" data-message-id=\"104601a6-4700-4b1b-bdf3-e37d2e2a1b9a\">\n<div class=\"markdown prose w-full break-words dark:prose-invert dark\">\n<p><span class=\"fs13\"><span class=\"cf1 ff1\">Willkommen in unserer Rubrik &#8222;Lokale Lichtblicke&#8220;! <img loading=\"lazy\" decoding=\"async\" class=\"size-full wp-image-248 alignleft\" src=\"https:\/\/klein-eilstorf.de\/wp-content\/uploads\/2017\/01\/Dorfschule.jpg\" alt=\"\" width=\"259\" height=\"194\" \/>Hier stellen wir Ihnen die vielf\u00e4ltigen Pers\u00f6nlichkeiten und Sch\u00e4tze unseres Ortes vor. Von kreativen K\u00fcnstlern und leidenschaftlichen Musikern bis hin zu faszinierenden Alpakaz\u00fcchtern und talentierten Handwerkern &#8211; entdecken Sie die einzigartigen Menschen und Besonderheiten, die unser Dorf so besonders machen. Tauchen Sie ein und lernen Sie die Gesichter hinter den Geschichten kennen, die unsere Gemeinschaft lebendig und liebenswert machen.<\/span><\/span><\/p>\n<\/div>\n<hr \/><\/div>\n<\/div>\n<\/div>\n<\/div>\n<p><strong>Andreas Osterling &#8211; Pianist f\u00fcr unvergessliche Momente<\/strong><\/p>\n<div class=\"flex flex-grow flex-col max-w-full\">\n<div class=\"min-h-[20px] text-message flex flex-col items-start gap-3 whitespace-pre-wrap break-words [.text-message+&amp;]:mt-5 overflow-x-auto\" dir=\"auto\" data-message-author-role=\"assistant\" data-message-id=\"8b49f0d6-fd42-43f7-9162-f2d5fc898e0c\">\n<div class=\"markdown prose w-full break-words dark:prose-invert dark\">\n<p>Sie suchen nach einem professionellen Pianisten, der Ihre Veranstaltung mit Klaviermusik bereichert? Andreas Oesterling, diplomierter Konzertpianist, ist durch zahlreiche Auftritte in Deutschland, England, Frankreich, der Schweiz und den USA bekannt.<\/p>\n<p><img loading=\"lazy\" decoding=\"async\" class=\"alignleft\" src=\"https:\/\/walsroderpianist.de\/wp-content\/uploads\/pianist-buchen-oesterling-300x199.jpg\" alt=\"Portrait Foto von Andreas Oesterling\" width=\"300\" height=\"199\" \/><\/p>\n<p>Neben seiner T\u00e4tigkeit als Klavierlehrer bietet Andreas Oesterling auch sein Talent als Pianist f\u00fcr Veranstaltungen wie Hochzeiten an. Er versteht es, mit seiner Klaviermusik eine besondere Atmosph\u00e4re zu schaffen und geht dabei gerne auf die individuellen musikalischen Vorlieben seiner Kunden ein.<\/p>\n<p>Als studierter Konzertpianist liegt sein Schwerpunkt auf Klassik und Jazz. Zudem bietet er ein breites Repertoire an solistischer Klaviermusik sowie die M\u00f6glichkeit, in verschiedenen Formationen wie Duos oder Trios aufzutreten.<\/p>\n<p>Ob Hochzeit, Geburtstagsfeier oder Firmenevent &#8211; mit Andreas Oesterling als Pianist wird Ihre Veranstaltung zu einem unvergesslichen Erlebnis. Kontaktieren Sie ihn noch heute, um Ihr musikalisches Programm individuell zu gestalten und Ihren G\u00e4sten einen unvergesslichen Abend zu bieten.<\/p>\n<p><strong>E-Mail:<\/strong>\u00a0<a title=\"info@walsroderpianist.de\" href=\"mailto:info@walsroderpianist.de\">info@walsroderpianist.de<\/a><br \/><strong>Telefon:<\/strong>\u00a005166-930244<\/p>\n<\/div>\n<hr \/><\/div>\n<\/div>\n<div class=\"mt-1 flex gap-3 empty:hidden\">\n<div class=\"text-gray-400 flex self-end lg:self-center items-center justify-center lg:justify-start mt-0 -ml-1 h-7 gap-[2px] visible\"><strong>Daniela Kornelsen &#8211; Ern\u00e4hrungsberatung<\/strong><\/div>\n<\/div>\n<div>\u00a0<\/div>\n<div>\n<div class=\"flex flex-grow flex-col max-w-full\">\n<div class=\"min-h-[20px] text-message flex flex-col items-start gap-3 whitespace-pre-wrap break-words [.text-message+&amp;]:mt-5 overflow-x-auto\" dir=\"auto\" data-message-author-role=\"assistant\" data-message-id=\"7d96d0b2-7911-4b02-8fe2-d5e1de618c70\">\n<div class=\"markdown prose w-full break-words dark:prose-invert dark\">\n<p>Daniela Kornelsen bietet in ihrer Praxis f\u00fcr Ern\u00e4hrungsberatung und -therapie in Walsrode individuelle Unterst\u00fctzung auf dem Weg zu einem neuen K\u00f6rpergef\u00fchl. Sie hilft bei der Anpassung der Ern\u00e4hrungsgewohnheiten bei Krankheit, unterst\u00fctzt bei der Umstellung auf vitalstoffreiches Essen und sorgt f\u00fcr eine gesunde Versorgung der Familie.<img loading=\"lazy\" decoding=\"async\" class=\"alignleft\" src=\"https:\/\/th.bing.com\/th\/id\/OIP.OZjF0u4Trx6qMJ2P3tomXQHaFe?w=216&amp;h=180&amp;c=7&amp;r=0&amp;o=5&amp;pid=1.7\" alt=\"Bildergebnis f\u00fcr kornlesen klein eilstorf\" width=\"282\" height=\"235\" \/><\/p>\n<p>Dar\u00fcber hinaus bietet sie ma\u00dfgeschneiderte Angebote zur Betrieblichen Gesundheitsf\u00f6rderung in Unternehmen und Fortbildungen im Bereich Seniorenverpflegung an. Die Beratung basiert auf aktuellen wissenschaftlichen Erkenntnissen und erfolgt unabh\u00e4ngig und produktneutral. Als staatlich anerkannte Di\u00e4tassistentin mit VDD-Fortbildungszertifikat verf\u00fcgt sie \u00fcber die n\u00f6tige Kompetenz, um von den gesetzlichen Krankenkassen bezuschusst zu werden.<\/p>\n<p>Kostenlose Erstgespr\u00e4che sind telefonisch m\u00f6glich, und Beratungsr\u00e4ume stehen in Walsrode und Klein Eilstorf zur Verf\u00fcgung. Optional bietet sie auch Hausbesuche an.<\/p>\n<p><strong>Telefon:<\/strong> 0151 \/ 19 07 49 59<br \/><strong>E-Mail:<\/strong> info@ernaehrungsberatung-kornelsen.de<\/p>\n<\/div>\n<\/div>\n<\/div>\n<\/div>\n<div class=\"flex\"><hr \/><\/div>\n<\/div>\n<\/div>\n<\/div>\n<div id=\"imCell_1\"><strong>Seelenheil Alpakas<\/strong><\/div>\n<div>\u00a0<\/div>\n<div>\u00a0<\/div>\n<div>\n<div class=\"flex flex-grow flex-col max-w-full\">\n<div class=\"min-h-[20px] text-message flex flex-col items-start gap-3 whitespace-pre-wrap break-words [.text-message+&amp;]:mt-5 overflow-x-auto\" dir=\"auto\" data-message-author-role=\"assistant\" data-message-id=\"43107a4a-c0bd-43ff-91c0-ebfd6c04e6e7\">\n<div class=\"markdown prose w-full break-words dark:prose-invert dark\">\n<p>Wir sind Nicola und Andreas aus Klein Eilstorf im Heidekreis, nahe Hannover, Hamburg und Bremen. Mit unseren liebenswerten Alpakas veranstalten wir Alpaka-Wandertouren und bieten einzigartige Erlebnisse mit diesen Tieren an. Unsere Leidenschaft ist es, unsere Freizeit mit ihnen zu verbringen und mit ihnen zu arbeiten. Wir spazieren durch die Landschaft, genie\u00dfen die Natur und die Zeit mit den Alpakas. F\u00fcr uns ist es die ideale Freizeitbesch\u00e4ftigung, um dem hektischen Alltag zu entfliehen und zur Ruhe zu kommen.<img loading=\"lazy\" decoding=\"async\" class=\"alignleft\" src=\"https:\/\/image.jimcdn.com\/app\/cms\/image\/transf\/none\/path\/s757e49507e4944c1\/image\/i42902f9d7a63e61a\/version\/1706301259\/alpaka-libell-von-seelenheil-alpakas.jpg\" alt=\"Alpaka Libell von Seelenheil-Alpakas\" width=\"302\" height=\"214\" \/><\/p>\n<p>Das Wohl unserer Tiere und Nachhaltigkeit stehen f\u00fcr uns an oberster Stelle. Wir nutzen beispielsweise die Alpakawolle unserer Tiere und verarbeiten sie in Deutschland zu verschiedenen Produkten wie Decken, Wolle und handgestrickten Socken. Bei all unseren Aktivit\u00e4ten legen wir gro\u00dfen Wert darauf, dass die Tiere artgerecht gef\u00fchrt, ausreichend Gras fressen k\u00f6nnen und liebevoll behandelt werden. Kommen Sie vorbei und genie\u00dfen Sie eine Auszeit bei uns oder erleben Sie ein unvergessliches Alpaka-Event mit Freunden oder Familie.<\/p>\n<p><strong>Kontakt<\/strong>: <a href=\"https:\/\/www.seelenheil-alpakas.de\">https:\/\/www.seelenheil-alpakas.de<\/a><\/p>\n<\/div>\n<\/div>\n<\/div>\n<\/div>\n<p><!-- Piwik --><br \/><!-- End Piwik Code --><\/p>\n\n\n<!-- Matomo -->\n<script type=\"text\/javascript\">\n  var _paq = _paq || [];\n  \/* tracker methods like \"setCustomDimension\" should be called before \"trackPageView\" *\/\n  _paq.push([\"setCookieDomain\", \"*.klein-eilstorf.de\"]);\n  _paq.push(['trackPageView']);\n  _paq.push(['enableLinkTracking']);\n  (function() {\n    var u=\"\/\/klein-eilstorf.de\/analytics\/piwik\/\";\n    _paq.push(['setTrackerUrl', u+'piwik.php']);\n    _paq.push(['setSiteId', '1']);\n    var d=document, g=d.createElement('script'), s=d.getElementsByTagName('script')[0];\n    g.type='text\/javascript'; g.async=true; g.defer=true; g.src=u+'piwik.js'; s.parentNode.insertBefore(g,s);\n  })();\n<\/script>\n<noscript>&lt;p&gt;&lt;img src=&#8220;\/\/klein-eilstorf.de\/analytics\/piwik\/piwik.php?idsite=1&amp;amp;rec=1&#8243; style=&#8220;border:0;&#8220; alt=&#8220;&#8220; \/&gt;&lt;\/p&gt;<\/noscript>\n<!-- End Matomo Code -->\n","protected":false},"excerpt":{"rendered":"<p>Willkommen in unserer Rubrik &#8222;Lokale Lichtblicke&#8220;! Hier stellen wir Ihnen die vielf\u00e4ltigen Pers\u00f6nlichkeiten und Sch\u00e4tze unseres Ortes vor. Von kreativen K\u00fcnstlern und leidenschaftlichen Musikern bis hin zu faszinierenden Alpakaz\u00fcchtern und&#8230;<\/p>\n","protected":false},"author":1,"featured_media":0,"parent":62,"menu_order":10,"comment_status":"closed","ping_status":"closed","template":"","meta":{"footnotes":""},"class_list":["post-19","page","type-page","status-publish","hentry"],"_links":{"self":[{"href":"https:\/\/klein-eilstorf.de\/index.php\/wp-json\/wp\/v2\/pages\/19","targetHints":{"allow":["GET"]}}],"collection":[{"href":"https:\/\/klein-eilstorf.de\/index.php\/wp-json\/wp\/v2\/pages"}],"about":[{"href":"https:\/\/klein-eilstorf.de\/index.php\/wp-json\/wp\/v2\/types\/page"}],"author":[{"embeddable":true,"href":"https:\/\/klein-eilstorf.de\/index.php\/wp-json\/wp\/v2\/users\/1"}],"replies":[{"embeddable":true,"href":"https:\/\/klein-eilstorf.de\/index.php\/wp-json\/wp\/v2\/comments?post=19"}],"version-history":[{"count":16,"href":"https:\/\/klein-eilstorf.de\/index.php\/wp-json\/wp\/v2\/pages\/19\/revisions"}],"predecessor-version":[{"id":784,"href":"https:\/\/klein-eilstorf.de\/index.php\/wp-json\/wp\/v2\/pages\/19\/revisions\/784"}],"up":[{"embeddable":true,"href":"https:\/\/klein-eilstorf.de\/index.php\/wp-json\/wp\/v2\/pages\/62"}],"wp:attachment":[{"href":"https:\/\/klein-eilstorf.de\/index.php\/wp-json\/wp\/v2\/media?parent=19"}],"curies":[{"name":"wp","href":"https:\/\/api.w.org\/{rel}","templated":true}]}}

<div id="imCell_3">
<div id="imCellStyle_3" data-responsive-sequence-number="1">
<div id="imTextObject_3">
<div id="imTextObject_3_tab0" class="text-tab-content">
<div class="text-inner">
<div class="flex flex-grow flex-col max-w-full">
<div class="min-h-[20px] text-message flex flex-col items-start gap-3 whitespace-pre-wrap break-words [.text-message+&amp;]:mt-5 overflow-x-auto" dir="auto" data-message-author-role="assistant" data-message-id="104601a6-4700-4b1b-bdf3-e37d2e2a1b9a">
<div class="markdown prose w-full break-words dark:prose-invert dark">
<p><span class="fs13"><span class="cf1 ff1">Willkommen in unserer Rubrik &#8222;Lokale Lichtblicke&#8220;! <img loading="lazy" decoding="async" class="size-full wp-image-248 alignleft" src="https://klein-eilstorf.de/wp-content/uploads/2017/01/Dorfschule.jpg" alt="" width="259" height="194" />Hier stellen wir Ihnen die vielfältigen Persönlichkeiten und Schätze unseres Ortes vor. Von kreativen Künstlern und leidenschaftlichen Musikern bis hin zu faszinierenden Alpakazüchtern und talentierten Handwerkern &#8211; entdecken Sie die einzigartigen Menschen und Besonderheiten, die unser Dorf so besonders machen. Tauchen Sie ein und lernen Sie die Gesichter hinter den Geschichten kennen, die unsere Gemeinschaft lebendig und liebenswert machen.</span></span></p>
</div>
<hr /></div>
</div>
</div>
</div>
<p><strong>Andreas Osterling &#8211; Pianist für unvergessliche Momente</strong></p>
<div class="flex flex-grow flex-col max-w-full">
<div class="min-h-[20px] text-message flex flex-col items-start gap-3 whitespace-pre-wrap break-words [.text-message+&amp;]:mt-5 overflow-x-auto" dir="auto" data-message-author-role="assistant" data-message-id="8b49f0d6-fd42-43f7-9162-f2d5fc898e0c">
<div class="markdown prose w-full break-words dark:prose-invert dark">
<p>Sie suchen nach einem professionellen Pianisten, der Ihre Veranstaltung mit Klaviermusik bereichert? Andreas Oesterling, diplomierter Konzertpianist, ist durch zahlreiche Auftritte in Deutschland, England, Frankreich, der Schweiz und den USA bekannt.</p>
<p><img loading="lazy" decoding="async" class="alignleft" src="https://walsroderpianist.de/wp-content/uploads/pianist-buchen-oesterling-300x199.jpg" alt="Portrait Foto von Andreas Oesterling" width="300" height="199" /></p>
<p>Neben seiner Tätigkeit als Klavierlehrer bietet Andreas Oesterling auch sein Talent als Pianist für Veranstaltungen wie Hochzeiten an. Er versteht es, mit seiner Klaviermusik eine besondere Atmosphäre zu schaffen und geht dabei gerne auf die individuellen musikalischen Vorlieben seiner Kunden ein.</p>
<p>Als studierter Konzertpianist liegt sein Schwerpunkt auf Klassik und Jazz. Zudem bietet er ein breites Repertoire an solistischer Klaviermusik sowie die Möglichkeit, in verschiedenen Formationen wie Duos oder Trios aufzutreten.</p>
<p>Ob Hochzeit, Geburtstagsfeier oder Firmenevent &#8211; mit Andreas Oesterling als Pianist wird Ihre Veranstaltung zu einem unvergesslichen Erlebnis. Kontaktieren Sie ihn noch heute, um Ihr musikalisches Programm individuell zu gestalten und Ihren Gästen einen unvergesslichen Abend zu bieten.</p>
<p><strong>E-Mail:</strong> <a title="info@walsroderpianist.de" href="mailto:info@walsroderpianist.de">info@walsroderpianist.de</a><br /><strong>Telefon:</strong> 05166-930244</p>
</div>
<hr /></div>
</div>
<div class="mt-1 flex gap-3 empty:hidden">
<div class="text-gray-400 flex self-end lg:self-center items-center justify-center lg:justify-start mt-0 -ml-1 h-7 gap-[2px] visible"><strong>Daniela Kornelsen &#8211; Ernährungsberatung</strong></div>
</div>
<div> </div>
<div>
<div class="flex flex-grow flex-col max-w-full">
<div class="min-h-[20px] text-message flex flex-col items-start gap-3 whitespace-pre-wrap break-words [.text-message+&amp;]:mt-5 overflow-x-auto" dir="auto" data-message-author-role="assistant" data-message-id="7d96d0b2-7911-4b02-8fe2-d5e1de618c70">
<div class="markdown prose w-full break-words dark:prose-invert dark">
<p>Daniela Kornelsen bietet in ihrer Praxis für Ernährungsberatung und -therapie in Walsrode individuelle Unterstützung auf dem Weg zu einem neuen Körpergefühl. Sie hilft bei der Anpassung der Ernährungsgewohnheiten bei Krankheit, unterstützt bei der Umstellung auf vitalstoffreiches Essen und sorgt für eine gesunde Versorgung der Familie.<img loading="lazy" decoding="async" class="alignleft" src="https://th.bing.com/th/id/OIP.OZjF0u4Trx6qMJ2P3tomXQHaFe?w=216&amp;h=180&amp;c=7&amp;r=0&amp;o=5&amp;pid=1.7" alt="Bildergebnis für kornlesen klein eilstorf" width="282" height="235" /></p>
<p>Darüber hinaus bietet sie maßgeschneiderte Angebote zur Betrieblichen Gesundheitsförderung in Unternehmen und Fortbildungen im Bereich Seniorenverpflegung an. Die Beratung basiert auf aktuellen wissenschaftlichen Erkenntnissen und erfolgt unabhängig und produktneutral. Als staatlich anerkannte Diätassistentin mit VDD-Fortbildungszertifikat verfügt sie über die nötige Kompetenz, um von den gesetzlichen Krankenkassen bezuschusst zu werden.</p>
<p>Kostenlose Erstgespräche sind telefonisch möglich, und Beratungsräume stehen in Walsrode und Klein Eilstorf zur Verfügung. Optional bietet sie auch Hausbesuche an.</p>
<p><strong>Telefon:</strong> 0151 / 19 07 49 59<br /><strong>E-Mail:</strong> info@ernaehrungsberatung-kornelsen.de</p>
</div>
</div>
</div>
</div>
<div class="flex"><hr /></div>
</div>
</div>
</div>
<div id="imCell_1"><strong>Seelenheil Alpakas</strong></div>
<div> </div>
<div> </div>
<div>
<div class="flex flex-grow flex-col max-w-full">
<div class="min-h-[20px] text-message flex flex-col items-start gap-3 whitespace-pre-wrap break-words [.text-message+&amp;]:mt-5 overflow-x-auto" dir="auto" data-message-author-role="assistant" data-message-id="43107a4a-c0bd-43ff-91c0-ebfd6c04e6e7">
<div class="markdown prose w-full break-words dark:prose-invert dark">
<p>Wir sind Nicola und Andreas aus Klein Eilstorf im Heidekreis, nahe Hannover, Hamburg und Bremen. Mit unseren liebenswerten Alpakas veranstalten wir Alpaka-Wandertouren und bieten einzigartige Erlebnisse mit diesen Tieren an. Unsere Leidenschaft ist es, unsere Freizeit mit ihnen zu verbringen und mit ihnen zu arbeiten. Wir spazieren durch die Landschaft, genießen die Natur und die Zeit mit den Alpakas. Für uns ist es die ideale Freizeitbeschäftigung, um dem hektischen Alltag zu entfliehen und zur Ruhe zu kommen.<img loading="lazy" decoding="async" class="alignleft" src="https://image.jimcdn.com/app/cms/image/transf/none/path/s757e49507e4944c1/image/i42902f9d7a63e61a/version/1706301259/alpaka-libell-von-seelenheil-alpakas.jpg" alt="Alpaka Libell von Seelenheil-Alpakas" width="302" height="214" /></p>
<p>Das Wohl unserer Tiere und Nachhaltigkeit stehen für uns an oberster Stelle. Wir nutzen beispielsweise die Alpakawolle unserer Tiere und verarbeiten sie in Deutschland zu verschiedenen Produkten wie Decken, Wolle und handgestrickten Socken. Bei all unseren Aktivitäten legen wir großen Wert darauf, dass die Tiere artgerecht geführt, ausreichend Gras fressen können und liebevoll behandelt werden. Kommen Sie vorbei und genießen Sie eine Auszeit bei uns oder erleben Sie ein unvergessliches Alpaka-Event mit Freunden oder Familie.</p>
<p><strong>Kontakt</strong>: <a href="https://www.seelenheil-alpakas.de">https://www.seelenheil-alpakas.de</a></p>
</div>
</div>
</div>
</div>
<p><!-- Piwik --><br /><!-- End Piwik Code --></p>


<!-- Matomo -->
<script type="text/javascript">
  var _paq = _paq || [];
  /* tracker methods like "setCustomDimension" should be called before "trackPageView" */
  _paq.push(["setCookieDomain", "*.klein-eilstorf.de"]);
  _paq.push(['trackPageView']);
  _paq.push(['enableLinkTracking']);
  (function() {
    var u="//klein-eilstorf.de/analytics/piwik/";
    _paq.push(['setTrackerUrl', u+'piwik.php']);
    _paq.push(['setSiteId', '1']);
    var d=document, g=d.createElement('script'), s=d.getElementsByTagName('script')[0];
    g.type='text/javascript'; g.async=true; g.defer=true; g.src=u+'piwik.js'; s.parentNode.insertBefore(g,s);
  })();
</script>
<noscript>&lt;p&gt;&lt;img src=&#8220;//klein-eilstorf.de/analytics/piwik/piwik.php?idsite=1&amp;amp;rec=1&#8243; style=&#8220;border:0;&#8220; alt=&#8220;&#8220; /&gt;&lt;/p&gt;</noscript>
<!-- End Matomo Code -->

<p>Willkommen in unserer Rubrik &#8222;Lokale Lichtblicke&#8220;! Hier stellen wir Ihnen die vielfältigen Persönlichkeiten und Schätze unseres Ortes vor. Von kreativen Künstlern und leidenschaftlichen Musikern bis hin zu faszinierenden Alpakazüchtern und&#8230;</p>
