{"id":62,"date":"2017-01-12T14:10:37","date_gmt":"2017-01-12T13:10:37","guid":{"rendered":"http:\/\/klein-eilstorf.de\/?page_id=62"},"modified":"2024-04-19T17:14:59","modified_gmt":"2024-04-19T15:14:59","slug":"geschichte","status":"publish","type":"page","link":"https:\/\/klein-eilstorf.de\/index.php\/geschichte\/","title":{"rendered":"Der Ort"},"content":{"rendered":"<p><strong>[WZ vom 01.04.2019]<\/strong> Mehr als 40 Meter H\u00f6henunterschied weist die topografische Karte f\u00fcr Klein Eilstorf aus. Die Walsroder Ortschaft liegt am Rand einer Endmor\u00e4ne aus der Eiszeit, der s\u00fcdliche Teil des Dorfes geh\u00f6rt schon zum Urstromtal der Aller. Vom oberen, n\u00f6rdlichen Teil aus reicht bei klarer Sicht der Blick bis zum Deister, ganz selten sogar bis zu den Bergen rund um Hildesheim, erkl\u00e4rt der ehemalige Ortsvorsteher Hans-Georg R\u00f6ttjer. \u201cDas kommt aber nur ein oder zwei Mal im Jahr vor.\u201d 147 Menschen leben im Ort und auf dem au\u00dferhalb des Dorfes gelegenen Hof Marienstein.<\/p>\n<p><img decoding=\"async\" class=\"fancybox-image\" src=\"https:\/\/static.wz-net.de\/img_12735679_0_blick-auf-klein-eilstorf-von-sden.jpg\" \/><\/p>\n<p>Wer in Klein Eilstorf durch die Wiesen spazieren geht oder mit dem Fahrrad unterwegs ist, kann auf einer Weide Alpakas sehen. Diese friedlichen Tiere, die aus den s\u00fcdamerikanischen Anden stammen, sind wegen ihrer weichen Wolle gesch\u00e4tzt und waren bei den Inkas einst wichtige Nutztiere. Klein Eilstorf ist Ausgangspunkt f\u00fcr Wanderungen mit den Alpakas.<\/p>\n<p>N\u00f6rdlich vom Dorf steht seit vielen Jahren eine alte Kiefer, sie ist schon im Wappen des 1925 gegr\u00fcndeten Sch\u00fctzenvereins verewigt worden. Von dort f\u00e4llt der Blick auf die Kirche von Kirchboitzen, zum Einzugsgebiet der dortigen Kirchengemeinde geh\u00f6rt auch Klein Eilstorf. Unweit davon bietet ein Rastplatz mit Bank unter einer in Privatinitiative gepflanzten Eiche Spazierg\u00e4ngern und Radfahrern Gelegenheit f\u00fcr eine Ruhepause, was gut angenommen wird.<\/p>\n<p><!-- End Piwik Code --><\/p>\n\n\n<!-- Matomo -->\n<script type=\"text\/javascript\">\n  var _paq = _paq || [];\n  \/* tracker methods like \"setCustomDimension\" should be called before \"trackPageView\" *\/\n  _paq.push([\"setCookieDomain\", \"*.klein-eilstorf.de\"]);\n  _paq.push(['trackPageView']);\n  _paq.push(['enableLinkTracking']);\n  (function() {\n    var u=\"\/\/klein-eilstorf.de\/analytics\/piwik\/\";\n    _paq.push(['setTrackerUrl', u+'piwik.php']);\n    _paq.push(['setSiteId', '1']);\n    var d=document, g=d.createElement('script'), s=d.getElementsByTagName('script')[0];\n    g.type='text\/javascript'; g.async=true; g.defer=true; g.src=u+'piwik.js'; s.parentNode.insertBefore(g,s);\n  })();\n<\/script>\n<noscript><p><img decoding=\"async\" src=\"\/\/klein-eilstorf.de\/analytics\/piwik\/piwik.php?idsite=1&amp;rec=1\" style=\"border:0;\" alt=\"\" \/><\/p><\/noscript>\n<!-- End Matomo Code -->\n","protected":false},"excerpt":{"rendered":"<p>[WZ vom 01.04.2019] Mehr als 40 Meter H\u00f6henunterschied weist die topografische Karte f\u00fcr Klein Eilstorf aus. Die Walsroder Ortschaft liegt am Rand einer Endmor\u00e4ne aus der Eiszeit, der s\u00fcdliche Teil&#8230;<\/p>\n","protected":false},"author":1,"featured_media":0,"parent":0,"menu_order":0,"comment_status":"closed","ping_status":"closed","template":"","meta":{"footnotes":""},"class_list":["post-62","page","type-page","status-publish","hentry"],"_links":{"self":[{"href":"https:\/\/klein-eilstorf.de\/index.php\/wp-json\/wp\/v2\/pages\/62","targetHints":{"allow":["GET"]}}],"collection":[{"href":"https:\/\/klein-eilstorf.de\/index.php\/wp-json\/wp\/v2\/pages"}],"about":[{"href":"https:\/\/klein-eilstorf.de\/index.php\/wp-json\/wp\/v2\/types\/page"}],"author":[{"embeddable":true,"href":"https:\/\/klein-eilstorf.de\/index.php\/wp-json\/wp\/v2\/users\/1"}],"replies":[{"embeddable":true,"href":"https:\/\/klein-eilstorf.de\/index.php\/wp-json\/wp\/v2\/comments?post=62"}],"version-history":[{"count":8,"href":"https:\/\/klein-eilstorf.de\/index.php\/wp-json\/wp\/v2\/pages\/62\/revisions"}],"predecessor-version":[{"id":850,"href":"https:\/\/klein-eilstorf.de\/index.php\/wp-json\/wp\/v2\/pages\/62\/revisions\/850"}],"wp:attachment":[{"href":"https:\/\/klein-eilstorf.de\/index.php\/wp-json\/wp\/v2\/media?parent=62"}],"curies":[{"name":"wp","href":"https:\/\/api.w.org\/{rel}","templated":true}]}}