{"id":711,"date":"2022-12-31T16:23:36","date_gmt":"2022-12-31T15:23:36","guid":{"rendered":"https:\/\/klein-eilstorf.de\/?page_id=711"},"modified":"2025-06-04T17:04:56","modified_gmt":"2025-06-04T15:04:56","slug":"kreisschuetzenfest-2000","status":"publish","type":"page","link":"https:\/\/klein-eilstorf.de\/index.php\/schuetzenverein\/kreisschuetzenfest-2000\/","title":{"rendered":"Kreissch\u00fctzenfest 2000"},"content":{"rendered":"\n<p class=\"has-text-align-center has-text-color has-large-font-size\" style=\"color:#146c1e\"><strong>Festansprache <\/strong><\/p>\n\n\n\n<p class=\"has-text-align-center has-white-background-color has-text-color has-background has-medium-font-size\" style=\"color:#185914\">Das 75-j\u00e4hrige Vereinsjubil\u00e4um des Sch\u00fctzenvereins Kl. Eilstorf e.V. ist wohl nicht ein allt\u00e4gliches Ereignis. Aus diesem Grunde ist es uns Wert, dieses Fest w\u00fcrdig zu begehen.<\/p>\n\n\n\n<p class=\"has-text-align-center has-white-background-color has-text-color has-background has-medium-font-size\" style=\"color:#185914\">Besonderen Dank gilt den Sch\u00fctzenkameraden, die im Jahre 1925 den Mut fassten den Sch\u00fctzenverein Kl. Eilstorf zu gr\u00fcnden.<\/p>\n\n\n\n<p class=\"has-text-align-center has-white-background-color has-text-color has-background has-medium-font-size\" style=\"color:#185914\">Der Sch\u00fctzenverein Kl. Eilstorf hat in desen 75 Jahren bei den benachbarten Vereinen und auf Kreisebene viele Freunde gefunden.<\/p>\n\n\n\n<p class=\"has-text-align-center has-white-background-color has-text-color has-background has-medium-font-size\" style=\"color:#185914\">Aus dem Gr\u00fcndungsprotokoll geht hervor, dass sich am 03. April 1925 in der Gastwirtschaft Heinrich Wiechers 20 Personen trafen um einen Sch\u00fctzenverein zu gr\u00fcnden. In dieser Versammlung wurden folgende Sch\u00fctzenkameraden in den Vorstand gew\u00e4hlt:<\/p>\n\n\n\n<p class=\"has-text-align-center has-white-background-color has-text-color has-background has-medium-font-size\" style=\"color:#185914\">Vorsitzender Heinrich Wiechers<\/p>\n\n\n\n<p class=\"has-text-align-center has-white-background-color has-text-color has-background has-medium-font-size\" style=\"color:#185914\">Schriftf\u00fchrer: Willi Hellberg<\/p>\n\n\n\n<p class=\"has-text-align-center has-white-background-color has-text-color has-background has-medium-font-size\" style=\"color:#185914\">Kassierer: Willi Hogrefe<\/p>\n\n\n\n<p class=\"has-text-align-center has-white-background-color has-text-color has-background has-medium-font-size\" style=\"color:#185914\">Hauptmann: Fritz Meyer<\/p>\n\n\n\n<p class=\"has-text-align-center has-white-background-color has-text-color has-background has-medium-font-size\" style=\"color:#185914\">Tanzordner: Heinrich Hambrock<\/p>\n\n\n\n<p class=\"has-text-align-center has-white-background-color has-text-color has-background has-medium-font-size\" style=\"color:#185914\">Bei einer zweiten Versammlung, die bereits am 05. April stattfand, konnte der Verein schon 36 Mitglieder verzeichnen.<\/p>\n\n\n\n<p class=\"has-text-align-center has-white-background-color has-text-color has-background has-medium-font-size\" style=\"color:#185914\">Die Feste verliefen folgend:<\/p>\n\n\n\n<p class=\"has-text-align-center has-white-background-color has-text-color has-background has-medium-font-size\" style=\"color:#185914\">Es waren 3 an der Zahl im Jahr. Im Januar Fastnachtsball, im Mai 2 Tage Sch\u00fctzenfest und zwar Sonntags + Montag und ende August das Erntefest.<\/p>\n\n\n\n<p class=\"has-text-align-center has-white-background-color has-text-color has-background has-medium-font-size\" style=\"color:#185914\">Am 1. Sch\u00fctzenfest Tage wurde der K\u00f6nig mit KK ausgescho\u00dfen. Der Umzug zum anbringen der Scheibe erfolgte am 2. Festtage. Der K\u00f6nig wurdemi der K\u00f6nigskutsche gefahren, die vom Hauptmann zu Pferde begleitet wurde. 1937 kam noch eine Veranstaltung hinzu, es wurde die Wettkampfgemeinschaft des Kirchspiels vom Sch\u00fctzenverein Kirchboitzen ins Leben gerufen. Hier war es besonders Lehrrer Wenzin, der sich daf\u00fcr einsetzte. Dieser Wettbewerb wurde mit einem Wanderpokal augeschm\u00fcckt. Jeder Vereinsmannschaft bestand aus 6 Sch\u00fctzen. Im ersten Wettbewerb gewann Kl. Eilstorf den Pokal und stellte auch mit Sch\u00fctzenbruder H. Pascheberg den besten Einzelsch\u00fctzen.<\/p>\n\n\n\n<p class=\"has-text-align-center has-white-background-color has-text-color has-background has-medium-font-size\" style=\"color:#185914\">Ab 1939 ruhten alle genannten Veranstaltungen bis in die Jahre nach Kriegsende. Nach Kriegsende 1945 war von den Besatzungsm\u00e4chten jegliche Vereinsarbeit untersagt. Ab 1947 wurde mit einem Dorffest gefeiert. Hier warf man mit B\u00e4llen auf aufgestapelte Dosen und ermittelte so den K\u00f6nig. Es dauerte 3 Jahre bis 1950 wieder Schu\u00dfwaffen erlaubt waren.<\/p>\n\n\n\n<p class=\"has-text-align-center has-white-background-color has-text-color has-background has-medium-font-size\" style=\"color:#185914\">Im Winterhalbjahr 1949-50 wurde die erste Nachkriegsversammlung einberufen. Hier wurde der Sch\u00fctzenverein wieder ins Leben gerufen udn gleichzeitig der Vorstand gew\u00e4hlt:<\/p>\n\n\n\n<p class=\"has-text-align-center has-white-background-color has-text-color has-background has-medium-font-size\" style=\"color:#185914\">Vorsitzender Heinrich Marquad<\/p>\n\n\n\n<p class=\"has-text-align-center has-white-background-color has-text-color has-background has-medium-font-size\" style=\"color:#185914\">Schriftf\u00fchrer: Heinrich Wiechers Nr. 6<\/p>\n\n\n\n<p class=\"has-text-align-center has-white-background-color has-text-color has-background has-medium-font-size\" style=\"color:#185914\">Kassenf\u00fchrer: Hermann Coors<\/p>\n\n\n\n<p class=\"has-text-align-center has-white-background-color has-text-color has-background has-medium-font-size\" style=\"color:#185914\">Hauptmann: Heinrich Taps<\/p>\n\n\n\n<p class=\"has-text-align-center has-white-background-color has-text-color has-background has-medium-font-size\" style=\"color:#185914\">Beim ersten Sch\u00fctzenfest 1950 wurde der K\u00f6nig wieder mit KK ausgeschossen, es war der Dorfleherer Paul Gr\u00fcger. Die KK Gewehre stellte Bergmann Bomlitz. Trotz des aktiven Sch\u00fctzenwesends war in dem 50. Jahre noch keine Vereinsfahne vorhanden. Am 09. August 1952 beschlossen die Kl. Eilstorfer eine Vereinsfahne durch Spenden der Dorfbewohner anzuschaffen. Diese wurde dann am 10. Mai 1953 geweiht.<\/p>\n\n\n\n<p class=\"has-text-align-center has-white-background-color has-text-color has-background has-medium-font-size\" style=\"color:#185914\">1962 wurde das Sch\u00fctzenfest nicht mehr Sonntags + Montags sondern Sonnabends + Sonntags abgehalten, weil der Sonnabend arbeitsfrei war. Dies dauerte aber nur bis 1974 und es gab jetzt nur noch 1 Tag Sch\u00fctzenfest. Anfang der 70 Jahre kamen f\u00fcr alle Vereine die Jahre, dass die Veranstaltungen sich nicht mehr finanziell trugen. Der Grund war die gro\u00dfe Beweglichkeit der Jugend. Sie besuchten 2-3 Feste pro Abend und es kamen keine Eintrittsgelder in die Kassen. Hier war es der Vereinswirt der den Verein kr\u00e4ftig unterst\u00fctzte, in dem er die Feste \u00fcbernahm und noch die Musik stellte. <\/p>\n\n\n\n<p class=\"has-text-align-center has-white-background-color has-text-color has-background has-medium-font-size\" style=\"color:#185914\">Ein KK Schie\u00dfstand wurde 1955 in Eigenleistung erstellt, aber im Jahre 1978 aus Sicherheitsanforderungen stillgelegt. Die M\u00e4ngel zu beheben kamen zu teuer. So wurde auf der Generalversammlung im M\u00e4rz 1976 angeregt eine Luftgewehrhalle zu errichten. Dieses dauerte 3 Jahre und die Hallemit Vorraum wurde am 03. November 1979 eingeweiht. Hier werden bis heute alle Schie\u00dfwettbewerbe durchgef\u00fchrt. <\/p>\n\n\n\n<p class=\"has-text-align-center has-white-background-color has-text-color has-background has-medium-font-size\" style=\"color:#185914\">Im Jahre 1980 w\u00fcrden auf l\u00e4ngerem Antrag, die Damen mit in den Verein aufgenommen. Diese schossen bis 2000 ihre Damenk\u00f6nigin aus, werden aber ab 2001 mit den Herren im gleichen Wettbewerb stehen.<\/p>\n\n\n\n<p class=\"has-text-align-center has-white-background-color has-text-color has-background has-medium-font-size\" style=\"color:#185914\">1988 wurde in der Jahresversammlung \u00fcber das 75 j\u00e4hrige Vereinsjubil\u00e4um beraten, man kam zu den Beschluss, dieses z\u00fcnftig zu feiern. Die Vorbereitungen liefen. Als aber der Kreisk\u00f6nigswettbewerb in D\u00fcshorn ausgetragen wurde und der Sch\u00fctzenbruder J\u00fcrgen Wiechers den besten Teiler abgab, stellte der kleinste Sch\u00fctzenverein des Kreissch\u00fctzenverbandes den Kreisk\u00f6nig 2000. Von diesem Tage an musste das Kreissch\u00fctzenfest mit eingeplant werden. Es wurde ein Festausschuss gew\u00e4hlt, auf dessen Beratung kam heraus, dass drei Feiern stattfinden sollten:<\/p>\n\n\n\n<p class=\"has-text-align-center has-white-background-color has-text-color has-background has-medium-font-size\" style=\"color:#185914\">Freitag 25. August 75-j\u00e4hriges Jubil\u00e4um<\/p>\n\n\n\n<p class=\"has-text-align-center has-white-background-color has-text-color has-background has-medium-font-size\" style=\"color:#185914\">Sonnabend 26. August das \u00fcbliche Sch\u00fctzenfest<\/p>\n\n\n\n<p class=\"has-text-align-center has-white-background-color has-text-color has-background has-medium-font-size\" style=\"color:#185914\">Sonntag 27. August Kreissch\u00fctzenfest<\/p>\n\n\n\n<p class=\"has-text-align-center has-white-background-color has-text-color has-background has-medium-font-size\" style=\"color:#185914\"><\/p>\n\n\n\n<p class=\"has-text-align-center has-white-background-color has-text-color has-background has-medium-font-size\" style=\"color:#185914\">Im Namen des Sch\u00fctzenvereines Kl. Eilstorfs m\u00f6chte ich allen Freunden und G\u00e4sten unseres Jubil\u00e4umsfestes ein herzliches Willkommen zurufen und w\u00fcnsche allen Teilnehmern fr\u00f6hliche und unbeschwerte Stunden in unserer Runde sowie allen aktiven Sch\u00fctzen ein dreifaches<\/p>\n\n\n\n<p class=\"has-text-align-center has-white-background-color has-text-color has-background has-medium-font-size\" style=\"color:#185914\">Gut Schu\u00df!<\/p>\n","protected":false},"excerpt":{"rendered":"<p>Festansprache Das 75-j\u00e4hrige Vereinsjubil\u00e4um des Sch\u00fctzenvereins Kl. Eilstorf e.V. ist wohl nicht ein allt\u00e4gliches Ereignis. Aus diesem Grunde ist es uns Wert, dieses Fest w\u00fcrdig zu begehen. Besonderen Dank gilt&#8230;<\/p>\n","protected":false},"author":1,"featured_media":0,"parent":89,"menu_order":0,"comment_status":"closed","ping_status":"closed","template":"","meta":{"footnotes":""},"class_list":["post-711","page","type-page","status-publish","hentry"],"_links":{"self":[{"href":"https:\/\/klein-eilstorf.de\/index.php\/wp-json\/wp\/v2\/pages\/711","targetHints":{"allow":["GET"]}}],"collection":[{"href":"https:\/\/klein-eilstorf.de\/index.php\/wp-json\/wp\/v2\/pages"}],"about":[{"href":"https:\/\/klein-eilstorf.de\/index.php\/wp-json\/wp\/v2\/types\/page"}],"author":[{"embeddable":true,"href":"https:\/\/klein-eilstorf.de\/index.php\/wp-json\/wp\/v2\/users\/1"}],"replies":[{"embeddable":true,"href":"https:\/\/klein-eilstorf.de\/index.php\/wp-json\/wp\/v2\/comments?post=711"}],"version-history":[{"count":7,"href":"https:\/\/klein-eilstorf.de\/index.php\/wp-json\/wp\/v2\/pages\/711\/revisions"}],"predecessor-version":[{"id":903,"href":"https:\/\/klein-eilstorf.de\/index.php\/wp-json\/wp\/v2\/pages\/711\/revisions\/903"}],"up":[{"embeddable":true,"href":"https:\/\/klein-eilstorf.de\/index.php\/wp-json\/wp\/v2\/pages\/89"}],"wp:attachment":[{"href":"https:\/\/klein-eilstorf.de\/index.php\/wp-json\/wp\/v2\/media?parent=711"}],"curies":[{"name":"wp","href":"https:\/\/api.w.org\/{rel}","templated":true}]}}

Kreisschützenfest 2000

<p class="has-text-align-center has-text-color has-large-font-size" style="color:#146c1e"><strong>Festansprache </strong></p>



<p class="has-text-align-center has-white-background-color has-text-color has-background has-medium-font-size" style="color:#185914">Das 75-jährige Vereinsjubiläum des Schützenvereins Kl. Eilstorf e.V. ist wohl nicht ein alltägliches Ereignis. Aus diesem Grunde ist es uns Wert, dieses Fest würdig zu begehen.</p>



<p class="has-text-align-center has-white-background-color has-text-color has-background has-medium-font-size" style="color:#185914">Besonderen Dank gilt den Schützenkameraden, die im Jahre 1925 den Mut fassten den Schützenverein Kl. Eilstorf zu gründen.</p>



<p class="has-text-align-center has-white-background-color has-text-color has-background has-medium-font-size" style="color:#185914">Der Schützenverein Kl. Eilstorf hat in desen 75 Jahren bei den benachbarten Vereinen und auf Kreisebene viele Freunde gefunden.</p>



<p class="has-text-align-center has-white-background-color has-text-color has-background has-medium-font-size" style="color:#185914">Aus dem Gründungsprotokoll geht hervor, dass sich am 03. April 1925 in der Gastwirtschaft Heinrich Wiechers 20 Personen trafen um einen Schützenverein zu gründen. In dieser Versammlung wurden folgende Schützenkameraden in den Vorstand gewählt:</p>



<p class="has-text-align-center has-white-background-color has-text-color has-background has-medium-font-size" style="color:#185914">Vorsitzender Heinrich Wiechers</p>



<p class="has-text-align-center has-white-background-color has-text-color has-background has-medium-font-size" style="color:#185914">Schriftführer: Willi Hellberg</p>



<p class="has-text-align-center has-white-background-color has-text-color has-background has-medium-font-size" style="color:#185914">Kassierer: Willi Hogrefe</p>



<p class="has-text-align-center has-white-background-color has-text-color has-background has-medium-font-size" style="color:#185914">Hauptmann: Fritz Meyer</p>



<p class="has-text-align-center has-white-background-color has-text-color has-background has-medium-font-size" style="color:#185914">Tanzordner: Heinrich Hambrock</p>



<p class="has-text-align-center has-white-background-color has-text-color has-background has-medium-font-size" style="color:#185914">Bei einer zweiten Versammlung, die bereits am 05. April stattfand, konnte der Verein schon 36 Mitglieder verzeichnen.</p>



<p class="has-text-align-center has-white-background-color has-text-color has-background has-medium-font-size" style="color:#185914">Die Feste verliefen folgend:</p>



<p class="has-text-align-center has-white-background-color has-text-color has-background has-medium-font-size" style="color:#185914">Es waren 3 an der Zahl im Jahr. Im Januar Fastnachtsball, im Mai 2 Tage Schützenfest und zwar Sonntags + Montag und ende August das Erntefest.</p>



<p class="has-text-align-center has-white-background-color has-text-color has-background has-medium-font-size" style="color:#185914">Am 1. Schützenfest Tage wurde der König mit KK ausgeschoßen. Der Umzug zum anbringen der Scheibe erfolgte am 2. Festtage. Der König wurdemi der Königskutsche gefahren, die vom Hauptmann zu Pferde begleitet wurde. 1937 kam noch eine Veranstaltung hinzu, es wurde die Wettkampfgemeinschaft des Kirchspiels vom Schützenverein Kirchboitzen ins Leben gerufen. Hier war es besonders Lehrrer Wenzin, der sich dafür einsetzte. Dieser Wettbewerb wurde mit einem Wanderpokal augeschmückt. Jeder Vereinsmannschaft bestand aus 6 Schützen. Im ersten Wettbewerb gewann Kl. Eilstorf den Pokal und stellte auch mit Schützenbruder H. Pascheberg den besten Einzelschützen.</p>



<p class="has-text-align-center has-white-background-color has-text-color has-background has-medium-font-size" style="color:#185914">Ab 1939 ruhten alle genannten Veranstaltungen bis in die Jahre nach Kriegsende. Nach Kriegsende 1945 war von den Besatzungsmächten jegliche Vereinsarbeit untersagt. Ab 1947 wurde mit einem Dorffest gefeiert. Hier warf man mit Bällen auf aufgestapelte Dosen und ermittelte so den König. Es dauerte 3 Jahre bis 1950 wieder Schußwaffen erlaubt waren.</p>



<p class="has-text-align-center has-white-background-color has-text-color has-background has-medium-font-size" style="color:#185914">Im Winterhalbjahr 1949-50 wurde die erste Nachkriegsversammlung einberufen. Hier wurde der Schützenverein wieder ins Leben gerufen udn gleichzeitig der Vorstand gewählt:</p>



<p class="has-text-align-center has-white-background-color has-text-color has-background has-medium-font-size" style="color:#185914">Vorsitzender Heinrich Marquad</p>



<p class="has-text-align-center has-white-background-color has-text-color has-background has-medium-font-size" style="color:#185914">Schriftführer: Heinrich Wiechers Nr. 6</p>



<p class="has-text-align-center has-white-background-color has-text-color has-background has-medium-font-size" style="color:#185914">Kassenführer: Hermann Coors</p>



<p class="has-text-align-center has-white-background-color has-text-color has-background has-medium-font-size" style="color:#185914">Hauptmann: Heinrich Taps</p>



<p class="has-text-align-center has-white-background-color has-text-color has-background has-medium-font-size" style="color:#185914">Beim ersten Schützenfest 1950 wurde der König wieder mit KK ausgeschossen, es war der Dorfleherer Paul Grüger. Die KK Gewehre stellte Bergmann Bomlitz. Trotz des aktiven Schützenwesends war in dem 50. Jahre noch keine Vereinsfahne vorhanden. Am 09. August 1952 beschlossen die Kl. Eilstorfer eine Vereinsfahne durch Spenden der Dorfbewohner anzuschaffen. Diese wurde dann am 10. Mai 1953 geweiht.</p>



<p class="has-text-align-center has-white-background-color has-text-color has-background has-medium-font-size" style="color:#185914">1962 wurde das Schützenfest nicht mehr Sonntags + Montags sondern Sonnabends + Sonntags abgehalten, weil der Sonnabend arbeitsfrei war. Dies dauerte aber nur bis 1974 und es gab jetzt nur noch 1 Tag Schützenfest. Anfang der 70 Jahre kamen für alle Vereine die Jahre, dass die Veranstaltungen sich nicht mehr finanziell trugen. Der Grund war die große Beweglichkeit der Jugend. Sie besuchten 2-3 Feste pro Abend und es kamen keine Eintrittsgelder in die Kassen. Hier war es der Vereinswirt der den Verein kräftig unterstützte, in dem er die Feste übernahm und noch die Musik stellte. </p>



<p class="has-text-align-center has-white-background-color has-text-color has-background has-medium-font-size" style="color:#185914">Ein KK Schießstand wurde 1955 in Eigenleistung erstellt, aber im Jahre 1978 aus Sicherheitsanforderungen stillgelegt. Die Mängel zu beheben kamen zu teuer. So wurde auf der Generalversammlung im März 1976 angeregt eine Luftgewehrhalle zu errichten. Dieses dauerte 3 Jahre und die Hallemit Vorraum wurde am 03. November 1979 eingeweiht. Hier werden bis heute alle Schießwettbewerbe durchgeführt. </p>



<p class="has-text-align-center has-white-background-color has-text-color has-background has-medium-font-size" style="color:#185914">Im Jahre 1980 würden auf längerem Antrag, die Damen mit in den Verein aufgenommen. Diese schossen bis 2000 ihre Damenkönigin aus, werden aber ab 2001 mit den Herren im gleichen Wettbewerb stehen.</p>



<p class="has-text-align-center has-white-background-color has-text-color has-background has-medium-font-size" style="color:#185914">1988 wurde in der Jahresversammlung über das 75 jährige Vereinsjubiläum beraten, man kam zu den Beschluss, dieses zünftig zu feiern. Die Vorbereitungen liefen. Als aber der Kreiskönigswettbewerb in Düshorn ausgetragen wurde und der Schützenbruder Jürgen Wiechers den besten Teiler abgab, stellte der kleinste Schützenverein des Kreisschützenverbandes den Kreiskönig 2000. Von diesem Tage an musste das Kreisschützenfest mit eingeplant werden. Es wurde ein Festausschuss gewählt, auf dessen Beratung kam heraus, dass drei Feiern stattfinden sollten:</p>



<p class="has-text-align-center has-white-background-color has-text-color has-background has-medium-font-size" style="color:#185914">Freitag 25. August 75-jähriges Jubiläum</p>



<p class="has-text-align-center has-white-background-color has-text-color has-background has-medium-font-size" style="color:#185914">Sonnabend 26. August das übliche Schützenfest</p>



<p class="has-text-align-center has-white-background-color has-text-color has-background has-medium-font-size" style="color:#185914">Sonntag 27. August Kreisschützenfest</p>



<p class="has-text-align-center has-white-background-color has-text-color has-background has-medium-font-size" style="color:#185914"></p>



<p class="has-text-align-center has-white-background-color has-text-color has-background has-medium-font-size" style="color:#185914">Im Namen des Schützenvereines Kl. Eilstorfs möchte ich allen Freunden und Gästen unseres Jubiläumsfestes ein herzliches Willkommen zurufen und wünsche allen Teilnehmern fröhliche und unbeschwerte Stunden in unserer Runde sowie allen aktiven Schützen ein dreifaches</p>



<p class="has-text-align-center has-white-background-color has-text-color has-background has-medium-font-size" style="color:#185914">Gut Schuß!</p>

<p>Festansprache Das 75-jährige Vereinsjubiläum des Schützenvereins Kl. Eilstorf e.V. ist wohl nicht ein alltägliches Ereignis. Aus diesem Grunde ist es uns Wert, dieses Fest würdig zu begehen. Besonderen Dank gilt&#8230;</p>
