{"id":89,"date":"2017-01-12T14:34:06","date_gmt":"2017-01-12T13:34:06","guid":{"rendered":"http:\/\/klein-eilstorf.de\/?page_id=89"},"modified":"2025-06-04T16:31:56","modified_gmt":"2025-06-04T14:31:56","slug":"schuetzenverein","status":"publish","type":"page","link":"https:\/\/klein-eilstorf.de\/index.php\/schuetzenverein\/","title":{"rendered":"Sch\u00fctzenverein"},"content":{"rendered":"<p><span class=\"fs13\"><span class=\"cf1 ff1\"><b>Vorstellung des Vereins:<\/b><\/span><\/span><\/p>\n<p>Der Sch\u00fctzenverein Klein Eilstorf besitzt anteilig an der hiesigen Bev\u00f6lkerung eine gro\u00dfe Mitgliederzahl im Vergleich zu Nachbarvereinen. Im direkten Vergleich geh\u00f6ren wir jedoch zu den kleineren Vereinen des Heidekreises.<br \/>Daher spielen die Aktivit\u00e4ten des Vereines im d\u00f6rflichen Leben eine wesentliche Rolle.<\/p>\n<p>Neben den normalen Schie\u00dfabenden, die monatlich stattfinden, gibt es so auch noch einige weitere Aktivit\u00e4ten, die nicht unbedingt etwas direkt mit Schie\u00dfen zu tun haben m\u00fcssen.<br \/>Der Verein pflegt dabei seine j\u00e4rhlichen Veranstaltungen zu denen<br \/>unter Anderem das j\u00e4rliche Sch\u00fctzenfest, Erntefest, die Winterwanderung,<br \/>das Preisdoppelkopf und Knobeln, der Grillabend und viele weitere Veranstalungen geh\u00f6ren.<br \/>So wurde bereits mehrfach eine Maifete durchgef\u00fchrt, die mit gro\u00dfem Interesse angenommen wurde.<\/p>\n<p>Wir freuen uns \u00fcber jedes neue Mitglied egal ob aktiv oder passiv.<br \/>Jedem wird die M\u00f6glichkeit gegeben seine Interessen im Vereinsbetrieb mit einzubringen.<\/p>\n<hr \/>\n<p><strong>Unser aktueller Vorstand setzt sich wie folgt zusammen:<\/strong><\/p>\n<figure class=\"wp-block-table is-style-stripes\">\n<table style=\"height: 765px;\" width=\"707\">\n<tbody>\n<tr>\n<td>\n<table style=\"height: 561px;\" width=\"687\">\n<tbody>\n<tr>\n<td><strong>Aufgabenverteilung im Vorstand<\/strong><\/td>\n<td><strong>Vorstand<\/strong><br \/>(Stand 06\/2026)<\/td>\n<td><strong>Unterst\u00fctzer des Vorstandes<\/strong><\/td>\n<\/tr>\n<tr>\n<td>1. Vorsitzende\/r<\/td>\n<td>Volker B\u00fcnger<\/td>\n<td>\u00a0<\/td>\n<\/tr>\n<tr>\n<td>2. Vorsitzende\/r<\/td>\n<td>&#8211;<\/td>\n<td>\u00a0<\/td>\n<\/tr>\n<tr>\n<td>Kassenwart\/in<\/td>\n<td>Kirsten Peters<\/td>\n<td>\u00a0<\/td>\n<\/tr>\n<tr>\n<td>Schriftf\u00fchrer\/in<\/td>\n<td>Lucas Niemann<\/td>\n<td>\u00a0<\/td>\n<\/tr>\n<tr>\n<td>Vereinsschie\u00dfsportleiter\/in<\/td>\n<td>Nils Bunke<\/td>\n<td>Reiner Niemann<br \/>(<em>Fahnentr\u00e4ger<\/em>)<\/td>\n<\/tr>\n<tr>\n<td>Erweiterter Vorstand<\/td>\n<td>\u00a0<\/td>\n<td>\u00a0<\/td>\n<\/tr>\n<tr>\n<td>\u00a0<\/td>\n<td>\u00a0<\/td>\n<td>\u00a0<\/td>\n<\/tr>\n<tr>\n<td>2. Schie\u00dfsportleiter\/in<\/td>\n<td>J\u00fcrgen R\u00f6ttjer<\/td>\n<td>\u00a0<\/td>\n<\/tr>\n<tr>\n<td>Verantwortliche\/r f\u00fcr <br \/>Vereinshaus, Technik <br \/>und Grundst\u00fcck<\/td>\n<td>\n<p><br \/>Felix Niemann, <br \/>Andreas Kornelsen<\/p>\n<\/td>\n<td>\u00a0<\/td>\n<\/tr>\n<\/tbody>\n<\/table>\n<\/td>\n<td>\u00a0<\/td>\n<td>\u00a0<\/td>\n<\/tr>\n<tr>\n<td>\u00a0<\/td>\n<td>\u00a0<\/td>\n<td>\u00a0<\/td>\n<\/tr>\n<tr>\n<td>\u00a0<\/td>\n<td>\u00a0<\/td>\n<td>\u00a0<\/td>\n<\/tr>\n<tr>\n<td>\u00a0<\/td>\n<td>\u00a0<\/td>\n<td>\u00a0<\/td>\n<\/tr>\n<tr>\n<td>\u00a0<\/td>\n<td>\u00a0<\/td>\n<td>\u00a0<\/td>\n<\/tr>\n<tr>\n<td>\u00a0<\/td>\n<td>\u00a0<\/td>\n<td>\u00a0<\/td>\n<\/tr>\n<tr>\n<td>\u00a0<\/td>\n<td>\u00a0<\/td>\n<td>\u00a0<\/td>\n<\/tr>\n<tr>\n<td>\u00a0<\/td>\n<td>\u00a0<\/td>\n<td>\u00a0<\/td>\n<\/tr>\n<\/tbody>\n<\/table>\n<\/figure>\n<hr \/>\n<p><span class=\"fs13\"><span class=\"cf1 ff1\"><strong><span class=\"imUl\">Die Ziele unseres Vereins<\/span>:<\/strong> <\/span><\/span><\/p>\n<p><span class=\"fs13\"><span class=\"cf1 ff1\">Unserem Verein ist es wichtig den Schie\u00dfsport als veranwortungsvolles Hobby zu betreiben.<br \/>Durch den Schie\u00dfsport testen und beweisen wir unser Leistungsverm\u00f6gen untereinander und in regionalen Wettk\u00e4mpfen. Weiterhin sorgen die Wettk\u00e4mpfe daf\u00fcr andere Vereine und Menschen kennen zu lernen wodurch neue Freundschaften entwickelt werden.<br \/>Es ist uns jedoch auch wichtig die Geselligkeit und Kameradschaft der hiesigen Einwohner zu f\u00f6rdern. Da der Vereine eine zentrale Rolle als Treffpunkt f\u00fcr alle Altersgruppen im Dorf spielt.<br \/><\/span><\/span><\/p>\n<p><img loading=\"lazy\" decoding=\"async\" class=\"alignnone size-medium wp-image-93\" src=\"http:\/\/klein-eilstorf.de\/wp-content\/uploads\/2017\/01\/IMG_5313-300x137.jpg\" alt=\"\" width=\"300\" height=\"137\" srcset=\"https:\/\/klein-eilstorf.de\/wp-content\/uploads\/2017\/01\/IMG_5313-300x137.jpg 300w, https:\/\/klein-eilstorf.de\/wp-content\/uploads\/2017\/01\/IMG_5313-768x350.jpg 768w, https:\/\/klein-eilstorf.de\/wp-content\/uploads\/2017\/01\/IMG_5313-1024x467.jpg 1024w\" sizes=\"auto, (max-width: 300px) 100vw, 300px\" \/><\/p>\n<p><strong>Wettkampfgemeinschaft der Sch\u00fctzenvereine im Kirchspiel Kirchboitzen<\/strong><\/p>\n<p>Seit ihrer Gr\u00fcndung im Jahr 1937 haben sich die Sch\u00fctzenvereine Hamwiede, Vethem, Nordkampen, S\u00fcdkampen, Kirchboitzen, Gro\u00df Eilstorf, Klein Eilstorf und Altenboitzen zu einem j\u00e4hrlichen Kleinkaliber-Wettkampf zusammengefunden. Urspr\u00fcnglich ausschlie\u00dflich f\u00fcr Herren reserviert, wurde der Wettkampf im Laufe der Zeit auf Damen, Jugendliche und Senioren ausgeweitet.<\/p>\n<p>Heute wird der Wettkampf traditionell am zweiten Sonntag im August vom Vorjahressieger der Herrenklasse ausgerichtet. Eine Besonderheit dieses Wettbewerbs sind die flexiblen Regularien: Jede Klasse entscheidet selbst, wie viele Probesch\u00fcsse vor dem eigentlichen Wettkampf erlaubt sind. Ein begehrtes Ziel f\u00fcr alle Teilnehmer ist die Auszeichnung des besten Sch\u00fctzen, auch bekannt als &#8222;Bestmannorden&#8220;.<\/p>\n\n\n<!-- Matomo -->\n<script type=\"text\/javascript\">\n  var _paq = _paq || [];\n  \/* tracker methods like \"setCustomDimension\" should be called before \"trackPageView\" *\/\n  _paq.push([\"setCookieDomain\", \"*.klein-eilstorf.de\"]);\n  _paq.push(['trackPageView']);\n  _paq.push(['enableLinkTracking']);\n  (function() {\n    var u=\"\/\/klein-eilstorf.de\/analytics\/piwik\/\";\n    _paq.push(['setTrackerUrl', u+'piwik.php']);\n    _paq.push(['setSiteId', '1']);\n    var d=document, g=d.createElement('script'), s=d.getElementsByTagName('script')[0];\n    g.type='text\/javascript'; g.async=true; g.defer=true; g.src=u+'piwik.js'; s.parentNode.insertBefore(g,s);\n  })();\n<\/script>\n<noscript><p><img decoding=\"async\" src=\"\/\/klein-eilstorf.de\/analytics\/piwik\/piwik.php?idsite=1&amp;rec=1\" style=\"border:0;\" alt=\"\" \/><\/p><\/noscript>\n<!-- End Matomo Code -->\n","protected":false},"excerpt":{"rendered":"<p>Vorstellung des Vereins: Der Sch\u00fctzenverein Klein Eilstorf besitzt anteilig an der hiesigen Bev\u00f6lkerung eine gro\u00dfe Mitgliederzahl im Vergleich zu Nachbarvereinen. Im direkten Vergleich geh\u00f6ren wir jedoch zu den kleineren Vereinen&#8230;<\/p>\n","protected":false},"author":1,"featured_media":0,"parent":0,"menu_order":11,"comment_status":"closed","ping_status":"closed","template":"","meta":{"footnotes":""},"class_list":["post-89","page","type-page","status-publish","hentry"],"_links":{"self":[{"href":"https:\/\/klein-eilstorf.de\/index.php\/wp-json\/wp\/v2\/pages\/89","targetHints":{"allow":["GET"]}}],"collection":[{"href":"https:\/\/klein-eilstorf.de\/index.php\/wp-json\/wp\/v2\/pages"}],"about":[{"href":"https:\/\/klein-eilstorf.de\/index.php\/wp-json\/wp\/v2\/types\/page"}],"author":[{"embeddable":true,"href":"https:\/\/klein-eilstorf.de\/index.php\/wp-json\/wp\/v2\/users\/1"}],"replies":[{"embeddable":true,"href":"https:\/\/klein-eilstorf.de\/index.php\/wp-json\/wp\/v2\/comments?post=89"}],"version-history":[{"count":13,"href":"https:\/\/klein-eilstorf.de\/index.php\/wp-json\/wp\/v2\/pages\/89\/revisions"}],"predecessor-version":[{"id":858,"href":"https:\/\/klein-eilstorf.de\/index.php\/wp-json\/wp\/v2\/pages\/89\/revisions\/858"}],"wp:attachment":[{"href":"https:\/\/klein-eilstorf.de\/index.php\/wp-json\/wp\/v2\/media?parent=89"}],"curies":[{"name":"wp","href":"https:\/\/api.w.org\/{rel}","templated":true}]}}

Schützenverein

<p><span class="fs13"><span class="cf1 ff1"><b>Vorstellung des Vereins:</b></span></span></p>
<p>Der Schützenverein Klein Eilstorf besitzt anteilig an der hiesigen Bevölkerung eine große Mitgliederzahl im Vergleich zu Nachbarvereinen. Im direkten Vergleich gehören wir jedoch zu den kleineren Vereinen des Heidekreises.<br />Daher spielen die Aktivitäten des Vereines im dörflichen Leben eine wesentliche Rolle.</p>
<p>Neben den normalen Schießabenden, die monatlich stattfinden, gibt es so auch noch einige weitere Aktivitäten, die nicht unbedingt etwas direkt mit Schießen zu tun haben müssen.<br />Der Verein pflegt dabei seine järhlichen Veranstaltungen zu denen<br />unter Anderem das järliche Schützenfest, Erntefest, die Winterwanderung,<br />das Preisdoppelkopf und Knobeln, der Grillabend und viele weitere Veranstalungen gehören.<br />So wurde bereits mehrfach eine Maifete durchgeführt, die mit großem Interesse angenommen wurde.</p>
<p>Wir freuen uns über jedes neue Mitglied egal ob aktiv oder passiv.<br />Jedem wird die Möglichkeit gegeben seine Interessen im Vereinsbetrieb mit einzubringen.</p>
<hr />
<p><strong>Unser aktueller Vorstand setzt sich wie folgt zusammen:</strong></p>
<figure class="wp-block-table is-style-stripes">
<table style="height: 765px;" width="707">
<tbody>
<tr>
<td>
<table style="height: 561px;" width="687">
<tbody>
<tr>
<td><strong>Aufgabenverteilung im Vorstand</strong></td>
<td><strong>Vorstand</strong><br />(Stand 06/2026)</td>
<td><strong>Unterstützer des Vorstandes</strong></td>
</tr>
<tr>
<td>1. Vorsitzende/r</td>
<td>Volker Bünger</td>
<td> </td>
</tr>
<tr>
<td>2. Vorsitzende/r</td>
<td>&#8211;</td>
<td> </td>
</tr>
<tr>
<td>Kassenwart/in</td>
<td>Kirsten Peters</td>
<td> </td>
</tr>
<tr>
<td>Schriftführer/in</td>
<td>Lucas Niemann</td>
<td> </td>
</tr>
<tr>
<td>Vereinsschießsportleiter/in</td>
<td>Nils Bunke</td>
<td>Reiner Niemann<br />(<em>Fahnenträger</em>)</td>
</tr>
<tr>
<td>Erweiterter Vorstand</td>
<td> </td>
<td> </td>
</tr>
<tr>
<td> </td>
<td> </td>
<td> </td>
</tr>
<tr>
<td>2. Schießsportleiter/in</td>
<td>Jürgen Röttjer</td>
<td> </td>
</tr>
<tr>
<td>Verantwortliche/r für <br />Vereinshaus, Technik <br />und Grundstück</td>
<td>
<p><br />Felix Niemann, <br />Andreas Kornelsen</p>
</td>
<td> </td>
</tr>
</tbody>
</table>
</td>
<td> </td>
<td> </td>
</tr>
<tr>
<td> </td>
<td> </td>
<td> </td>
</tr>
<tr>
<td> </td>
<td> </td>
<td> </td>
</tr>
<tr>
<td> </td>
<td> </td>
<td> </td>
</tr>
<tr>
<td> </td>
<td> </td>
<td> </td>
</tr>
<tr>
<td> </td>
<td> </td>
<td> </td>
</tr>
<tr>
<td> </td>
<td> </td>
<td> </td>
</tr>
<tr>
<td> </td>
<td> </td>
<td> </td>
</tr>
</tbody>
</table>
</figure>
<hr />
<p><span class="fs13"><span class="cf1 ff1"><strong><span class="imUl">Die Ziele unseres Vereins</span>:</strong> </span></span></p>
<p><span class="fs13"><span class="cf1 ff1">Unserem Verein ist es wichtig den Schießsport als veranwortungsvolles Hobby zu betreiben.<br />Durch den Schießsport testen und beweisen wir unser Leistungsvermögen untereinander und in regionalen Wettkämpfen. Weiterhin sorgen die Wettkämpfe dafür andere Vereine und Menschen kennen zu lernen wodurch neue Freundschaften entwickelt werden.<br />Es ist uns jedoch auch wichtig die Geselligkeit und Kameradschaft der hiesigen Einwohner zu fördern. Da der Vereine eine zentrale Rolle als Treffpunkt für alle Altersgruppen im Dorf spielt.<br /></span></span></p>
<p><img loading="lazy" decoding="async" class="alignnone size-medium wp-image-93" src="http://klein-eilstorf.de/wp-content/uploads/2017/01/IMG_5313-300x137.jpg" alt="" width="300" height="137" srcset="https://klein-eilstorf.de/wp-content/uploads/2017/01/IMG_5313-300x137.jpg 300w, https://klein-eilstorf.de/wp-content/uploads/2017/01/IMG_5313-768x350.jpg 768w, https://klein-eilstorf.de/wp-content/uploads/2017/01/IMG_5313-1024x467.jpg 1024w" sizes="auto, (max-width: 300px) 100vw, 300px" /></p>
<p><strong>Wettkampfgemeinschaft der Schützenvereine im Kirchspiel Kirchboitzen</strong></p>
<p>Seit ihrer Gründung im Jahr 1937 haben sich die Schützenvereine Hamwiede, Vethem, Nordkampen, Südkampen, Kirchboitzen, Groß Eilstorf, Klein Eilstorf und Altenboitzen zu einem jährlichen Kleinkaliber-Wettkampf zusammengefunden. Ursprünglich ausschließlich für Herren reserviert, wurde der Wettkampf im Laufe der Zeit auf Damen, Jugendliche und Senioren ausgeweitet.</p>
<p>Heute wird der Wettkampf traditionell am zweiten Sonntag im August vom Vorjahressieger der Herrenklasse ausgerichtet. Eine Besonderheit dieses Wettbewerbs sind die flexiblen Regularien: Jede Klasse entscheidet selbst, wie viele Probeschüsse vor dem eigentlichen Wettkampf erlaubt sind. Ein begehrtes Ziel für alle Teilnehmer ist die Auszeichnung des besten Schützen, auch bekannt als &#8222;Bestmannorden&#8220;.</p>


<!-- Matomo -->
<script type="text/javascript">
  var _paq = _paq || [];
  /* tracker methods like "setCustomDimension" should be called before "trackPageView" */
  _paq.push(["setCookieDomain", "*.klein-eilstorf.de"]);
  _paq.push(['trackPageView']);
  _paq.push(['enableLinkTracking']);
  (function() {
    var u="//klein-eilstorf.de/analytics/piwik/";
    _paq.push(['setTrackerUrl', u+'piwik.php']);
    _paq.push(['setSiteId', '1']);
    var d=document, g=d.createElement('script'), s=d.getElementsByTagName('script')[0];
    g.type='text/javascript'; g.async=true; g.defer=true; g.src=u+'piwik.js'; s.parentNode.insertBefore(g,s);
  })();
</script>
<noscript><p><img decoding="async" src="//klein-eilstorf.de/analytics/piwik/piwik.php?idsite=1&amp;rec=1" style="border:0;" alt="" /></p></noscript>
<!-- End Matomo Code -->

<p>Vorstellung des Vereins: Der Schützenverein Klein Eilstorf besitzt anteilig an der hiesigen Bevölkerung eine große Mitgliederzahl im Vergleich zu Nachbarvereinen. Im direkten Vergleich gehören wir jedoch zu den kleineren Vereinen&#8230;</p>
